{"id":2,"date":"2014-03-13T10:53:13","date_gmt":"2014-03-13T10:53:13","guid":{"rendered":"http:\/\/blog.autosportmoraleja.es\/?page_id=2"},"modified":"2018-03-05T12:45:07","modified_gmt":"2018-03-05T12:45:07","slug":"quienes-somos","status":"publish","type":"page","link":"https:\/\/www.autosportmoraleja.es\/blog\/quienes-somos\/","title":{"rendered":"INICIO"},"content":{"rendered":"<p>&nbsp;<\/p>\n<h1 style=\"text-align: center;\">CONCESIONARIO DE OCASI\u00d3N EN MADRID<\/h1>\n<p style=\"text-align: center;\">Auto Sport Moraleja S.L. pone a tu disposici\u00f3n la soluci\u00f3n que est\u00e1s buscando. Trabajamos bajo las m\u00e1s exigentes garant\u00edas actuales del mercado. Tenemos un stock de 300 coches de ocasi\u00f3n, en constante rotaci\u00f3n. Desde utilitarios peque\u00f1os, berlinas Premium y deportivos, a familiares, todoterrenos, monovol\u00famenes y veh\u00edculos industriales.<\/p>\n<p style=\"text-align: center;\">Disponemos de secci\u00f3n de tasaci\u00f3n tanto online como f\u00edsica. En ella nuestros profesionales de tasaci\u00f3n valorar\u00e1n tu veh\u00edculo de forma justa y objetiva.<\/p>\n<p style=\"text-align: center;\">Tras trasladarnos a Arroyomolinos, nos hemos convertido en uno de los concesionarios de veh\u00edculos de ocasi\u00f3n m\u00e1s importantes de Madrid.\u00a0 Y nos convertimos poco a poco en una de las referencias del mercado de compra venta nacional de ocasi\u00f3n.<\/p>\n<p style=\"text-align: center;\">Tenemos m\u00e1s de 6.000mts2 de instalaciones repartidas en 5 \u00e1reas.\u00a0 Disponemos a nuestros clientes dos campas exteriores, exposici\u00f3n interior, Zona de lavado, garaje de recogida, y oficinas. Tenemos un equipo humano de 20 empleados a disposici\u00f3n de nuestros clientes. Repartidos en departamentos, destacamos los de\u00a0 reacondicionamiento, postventa, gesti\u00f3n e informaci\u00f3n,\u00a0 siendo \u00e9stos en los que buscamos la diferenciaci\u00f3n.<\/p>\n<p style=\"text-align: center;\">Nuestros asesores comerciales te ayudar\u00e1n en lo que necesites para que tu elecci\u00f3n sea la m\u00e1s adecuada. Tambi\u00e9n te ofrecer\u00e1n las f\u00f3rmulas de pago y financiaci\u00f3n exclusivas de Auto Sport Moraleja S.L.. Contamos con la garant\u00eda de nuestras entidades colaboradoras:\u00a0 BBVA Finanzia, Santander Consumer y Alphera Financial Services.<\/p>\n<p style=\"text-align: center;\">Igualmente, si quieres informaci\u00f3n sobre los seguros, te ayudar\u00e1n para obtener, siempre al mejor precio, el seguro m\u00e1s adecuado.<\/p>\n<h2 style=\"text-align: center;\">\u00bfQUIERES CAMBIAR TU COCHE?<\/h2>\n<p style=\"text-align: center;\">Cuando un cliente quiere utilizar su coche como parte de pago, el equipo de peritadores realiza al coche una revisi\u00f3n exhaustiva y completa para garantizar as\u00ed la calidad del veh\u00edculo que vamos a adquirir. Se revisan un total de 110 puntos clave de cada veh\u00edculo antes de ser puesto a la venta. Una vez pasada esta peritaci\u00f3n, el coche entra en nuestra zona de acondicionamiento. El \u00faltimo paso es la limpieza integral para exponerlo en la exposici\u00f3n de nuestra tienda o campas. Finalmente, todos nuestros veh\u00edculos se revisan otra vez antes de la entrega por venta, asegurando as\u00ed su salida en las condiciones m\u00e1s \u00f3ptimas.<\/p>\n<p style=\"text-align: center;\">En Auto Sport Moraleja S.L. Trabajamos EN EXCLUSIVIDAD con (Veh\u00edculos Nacionales) ya que no trabajamos (Veh\u00edculos Importados) usados tra\u00eddos de fuera al ser estos mismos veh\u00edculos con un alto nivel de riesgo debido a la imposibilidad de comprobar la veracidad de los historiales de mantenimiento y kilometraje. Por ello, los Kil\u00f3metros e integridad estructural de nuestros veh\u00edculos queda certificada tras la realizaci\u00f3n de pruebas y verificaci\u00f3n de historiales antes de proceder a la compra de los mismos. Nuestro prop\u00f3sito final es la compra de veh\u00edculos en gran estado y verificados por nuestros profesionales, tanto en apartados del kilometraje, como en los de la estructura del veh\u00edculo.<\/p>\n<p style=\"text-align: center;\">Por \u00faltimo y para igualar las condiciones de adquisici\u00f3n para cualquiera de nuestros clientes, no los anunciamos a precios distintos o haciendo descuentos a personas determinadas, ya que nuestra pol\u00edtica de venta no se basa en los descuentos preferenciales o alteraci\u00f3n de precios.<\/p>\n<p><center><\/center><center><img decoding=\"async\" loading=\"lazy\" class=\"alignnone size-large wp-image-426\" src=\"https:\/\/i0.wp.com\/www.autosportmoraleja.es\/blog\/wp-content\/uploads\/2016\/05\/02.jpg?resize=987%2C658&#038;ssl=1\" alt=\"\" width=\"987\" height=\"658\" srcset=\"https:\/\/i0.wp.com\/www.autosportmoraleja.es\/blog\/wp-content\/uploads\/2016\/05\/02.jpg?resize=1024%2C683&amp;ssl=1 1024w, https:\/\/i0.wp.com\/www.autosportmoraleja.es\/blog\/wp-content\/uploads\/2016\/05\/02.jpg?resize=300%2C200&amp;ssl=1 300w, https:\/\/i0.wp.com\/www.autosportmoraleja.es\/blog\/wp-content\/uploads\/2016\/05\/02.jpg?resize=768%2C512&amp;ssl=1 768w, https:\/\/i0.wp.com\/www.autosportmoraleja.es\/blog\/wp-content\/uploads\/2016\/05\/02.jpg?w=1920&amp;ssl=1 1920w\" sizes=\"(max-width: 987px) 100vw, 987px\" data-recalc-dims=\"1\" \/><\/center><\/p>\n","protected":false},"excerpt":{"rendered":"<p>&nbsp; CONCESIONARIO DE OCASI&Oacute;N EN MADRID Auto Sport Moraleja S.L&#8230;. <span class=\"gridview-grid-post-read-more\"><a href=\"https:\/\/www.autosportmoraleja.es\/blog\/quienes-somos\/\">Leer M\u00e1s<span class=\"screen-reader-text\"> INICIO<\/span><\/a><\/span><\/p>\n","protected":false},"author":1,"featured_media":0,"parent":0,"menu_order":0,"comment_status":"open","ping_status":"closed","template":"templates\/full-width-page.php","meta":{"_mi_skip_tracking":false,"_monsterinsights_sitenote_active":false,"_monsterinsights_sitenote_note":"","_monsterinsights_sitenote_category":0},"yoast_head":"<!-- This site is optimized with the Yoast SEO plugin v18.2 - https:\/\/yoast.com\/wordpress\/plugins\/seo\/ -->\n<title>INICIO - Auto Sport Moraleja<\/title>\n<meta name=\"robots\" content=\"index, follow, max-snippet:-1, max-image-preview:large, max-video-preview:-1\" \/>\n<link rel=\"canonical\" href=\"https:\/\/www.autosportmoraleja.es\/blog\/quienes-somos\/\" \/>\n<meta property=\"og:locale\" content=\"es_ES\" \/>\n<meta property=\"og:type\" content=\"article\" \/>\n<meta property=\"og:title\" content=\"INICIO - Auto Sport Moraleja\" \/>\n<meta property=\"og:description\" content=\"&nbsp; CONCESIONARIO DE OCASI&Oacute;N EN MADRID Auto Sport Moraleja S.L.... Leer M\u00e1s INICIO\" \/>\n<meta property=\"og:url\" content=\"https:\/\/www.autosportmoraleja.es\/blog\/quienes-somos\/\" \/>\n<meta property=\"og:site_name\" content=\"Auto Sport Moraleja\" \/>\n<meta property=\"article:publisher\" content=\"https:\/\/www.facebook.com\/autosportmoraleja\/\" \/>\n<meta property=\"article:modified_time\" content=\"2018-03-05T12:45:07+00:00\" \/>\n<meta property=\"og:image\" content=\"https:\/\/www.autosportmoraleja.es\/blog\/wp-content\/uploads\/2016\/05\/02-1024x683.jpg\" \/>\n<meta name=\"twitter:card\" content=\"summary_large_image\" \/>\n<meta name=\"twitter:site\" content=\"@asportmoraleja\" \/>\n<meta name=\"twitter:label1\" content=\"Tiempo de lectura\" \/>\n\t<meta name=\"twitter:data1\" content=\"3 minutos\" \/>\n<script type=\"application\/ld+json\" class=\"yoast-schema-graph\">{\"@context\":\"https:\/\/schema.org\",\"@graph\":[{\"@type\":\"Organization\",\"@id\":\"https:\/\/www.autosportmoraleja.es\/blog\/#organization\",\"name\":\"AutoSport Moraleja\",\"url\":\"https:\/\/www.autosportmoraleja.es\/blog\/\",\"sameAs\":[\"https:\/\/www.facebook.com\/autosportmoraleja\/\",\"https:\/\/www.youtube.com\/channel\/UCf-euI_bJtCk_XH20TqwCZQ\",\"https:\/\/twitter.com\/asportmoraleja\"],\"logo\":{\"@type\":\"ImageObject\",\"@id\":\"https:\/\/www.autosportmoraleja.es\/blog\/#logo\",\"inLanguage\":\"es\",\"url\":\"https:\/\/i0.wp.com\/www.autosportmoraleja.es\/blog\/wp-content\/uploads\/2016\/05\/cropped-Auto-sport-moraleja-512.png?fit=512%2C512&ssl=1\",\"contentUrl\":\"https:\/\/i0.wp.com\/www.autosportmoraleja.es\/blog\/wp-content\/uploads\/2016\/05\/cropped-Auto-sport-moraleja-512.png?fit=512%2C512&ssl=1\",\"width\":512,\"height\":512,\"caption\":\"AutoSport Moraleja\"},\"image\":{\"@id\":\"https:\/\/www.autosportmoraleja.es\/blog\/#logo\"}},{\"@type\":\"WebSite\",\"@id\":\"https:\/\/www.autosportmoraleja.es\/blog\/#website\",\"url\":\"https:\/\/www.autosportmoraleja.es\/blog\/\",\"name\":\"Auto Sport Moraleja\",\"description\":\"Concesionario de coches de ocasi\u00f3n Multimarca\",\"publisher\":{\"@id\":\"https:\/\/www.autosportmoraleja.es\/blog\/#organization\"},\"potentialAction\":[{\"@type\":\"SearchAction\",\"target\":{\"@type\":\"EntryPoint\",\"urlTemplate\":\"https:\/\/www.autosportmoraleja.es\/blog\/?s={search_term_string}\"},\"query-input\":\"required name=search_term_string\"}],\"inLanguage\":\"es\"},{\"@type\":\"ImageObject\",\"@id\":\"https:\/\/www.autosportmoraleja.es\/blog\/quienes-somos\/#primaryimage\",\"inLanguage\":\"es\",\"url\":\"https:\/\/i0.wp.com\/www.autosportmoraleja.es\/blog\/wp-content\/uploads\/2016\/05\/02.jpg?fit=1920%2C1280&ssl=1\",\"contentUrl\":\"https:\/\/i0.wp.com\/www.autosportmoraleja.es\/blog\/wp-content\/uploads\/2016\/05\/02.jpg?fit=1920%2C1280&ssl=1\",\"width\":1920,\"height\":1280},{\"@type\":\"WebPage\",\"@id\":\"https:\/\/www.autosportmoraleja.es\/blog\/quienes-somos\/#webpage\",\"url\":\"https:\/\/www.autosportmoraleja.es\/blog\/quienes-somos\/\",\"name\":\"INICIO - Auto Sport Moraleja\",\"isPartOf\":{\"@id\":\"https:\/\/www.autosportmoraleja.es\/blog\/#website\"},\"primaryImageOfPage\":{\"@id\":\"https:\/\/www.autosportmoraleja.es\/blog\/quienes-somos\/#primaryimage\"},\"datePublished\":\"2014-03-13T10:53:13+00:00\",\"dateModified\":\"2018-03-05T12:45:07+00:00\",\"breadcrumb\":{\"@id\":\"https:\/\/www.autosportmoraleja.es\/blog\/quienes-somos\/#breadcrumb\"},\"inLanguage\":\"es\",\"potentialAction\":[{\"@type\":\"ReadAction\",\"target\":[\"https:\/\/www.autosportmoraleja.es\/blog\/quienes-somos\/\"]}]},{\"@type\":\"BreadcrumbList\",\"@id\":\"https:\/\/www.autosportmoraleja.es\/blog\/quienes-somos\/#breadcrumb\",\"itemListElement\":[{\"@type\":\"ListItem\",\"position\":1,\"name\":\"Portada\",\"item\":\"https:\/\/www.autosportmoraleja.es\/blog\/\"},{\"@type\":\"ListItem\",\"position\":2,\"name\":\"INICIO\"}]}]}<\/script>\n<!-- \/ Yoast SEO plugin. -->","yoast_head_json":{"title":"INICIO - Auto Sport Moraleja","robots":{"index":"index","follow":"follow","max-snippet":"max-snippet:-1","max-image-preview":"max-image-preview:large","max-video-preview":"max-video-preview:-1"},"canonical":"https:\/\/www.autosportmoraleja.es\/blog\/quienes-somos\/","og_locale":"es_ES","og_type":"article","og_title":"INICIO - Auto Sport Moraleja","og_description":"&nbsp; CONCESIONARIO DE OCASI&Oacute;N EN MADRID Auto Sport Moraleja S.L.... Leer M\u00e1s INICIO","og_url":"https:\/\/www.autosportmoraleja.es\/blog\/quienes-somos\/","og_site_name":"Auto Sport Moraleja","article_publisher":"https:\/\/www.facebook.com\/autosportmoraleja\/","article_modified_time":"2018-03-05T12:45:07+00:00","og_image":[{"url":"https:\/\/www.autosportmoraleja.es\/blog\/wp-content\/uploads\/2016\/05\/02-1024x683.jpg"}],"twitter_card":"summary_large_image","twitter_site":"@asportmoraleja","twitter_misc":{"Tiempo de lectura":"3 minutos"},"schema":{"@context":"https:\/\/schema.org","@graph":[{"@type":"Organization","@id":"https:\/\/www.autosportmoraleja.es\/blog\/#organization","name":"AutoSport Moraleja","url":"https:\/\/www.autosportmoraleja.es\/blog\/","sameAs":["https:\/\/www.facebook.com\/autosportmoraleja\/","https:\/\/www.youtube.com\/channel\/UCf-euI_bJtCk_XH20TqwCZQ","https:\/\/twitter.com\/asportmoraleja"],"logo":{"@type":"ImageObject","@id":"https:\/\/www.autosportmoraleja.es\/blog\/#logo","inLanguage":"es","url":"https:\/\/i0.wp.com\/www.autosportmoraleja.es\/blog\/wp-content\/uploads\/2016\/05\/cropped-Auto-sport-moraleja-512.png?fit=512%2C512&ssl=1","contentUrl":"https:\/\/i0.wp.com\/www.autosportmoraleja.es\/blog\/wp-content\/uploads\/2016\/05\/cropped-Auto-sport-moraleja-512.png?fit=512%2C512&ssl=1","width":512,"height":512,"caption":"AutoSport Moraleja"},"image":{"@id":"https:\/\/www.autosportmoraleja.es\/blog\/#logo"}},{"@type":"WebSite","@id":"https:\/\/www.autosportmoraleja.es\/blog\/#website","url":"https:\/\/www.autosportmoraleja.es\/blog\/","name":"Auto Sport Moraleja","description":"Concesionario de coches de ocasi\u00f3n Multimarca","publisher":{"@id":"https:\/\/www.autosportmoraleja.es\/blog\/#organization"},"potentialAction":[{"@type":"SearchAction","target":{"@type":"EntryPoint","urlTemplate":"https:\/\/www.autosportmoraleja.es\/blog\/?s={search_term_string}"},"query-input":"required name=search_term_string"}],"inLanguage":"es"},{"@type":"ImageObject","@id":"https:\/\/www.autosportmoraleja.es\/blog\/quienes-somos\/#primaryimage","inLanguage":"es","url":"https:\/\/i0.wp.com\/www.autosportmoraleja.es\/blog\/wp-content\/uploads\/2016\/05\/02.jpg?fit=1920%2C1280&ssl=1","contentUrl":"https:\/\/i0.wp.com\/www.autosportmoraleja.es\/blog\/wp-content\/uploads\/2016\/05\/02.jpg?fit=1920%2C1280&ssl=1","width":1920,"height":1280},{"@type":"WebPage","@id":"https:\/\/www.autosportmoraleja.es\/blog\/quienes-somos\/#webpage","url":"https:\/\/www.autosportmoraleja.es\/blog\/quienes-somos\/","name":"INICIO - Auto Sport Moraleja","isPartOf":{"@id":"https:\/\/www.autosportmoraleja.es\/blog\/#website"},"primaryImageOfPage":{"@id":"https:\/\/www.autosportmoraleja.es\/blog\/quienes-somos\/#primaryimage"},"datePublished":"2014-03-13T10:53:13+00:00","dateModified":"2018-03-05T12:45:07+00:00","breadcrumb":{"@id":"https:\/\/www.autosportmoraleja.es\/blog\/quienes-somos\/#breadcrumb"},"inLanguage":"es","potentialAction":[{"@type":"ReadAction","target":["https:\/\/www.autosportmoraleja.es\/blog\/quienes-somos\/"]}]},{"@type":"BreadcrumbList","@id":"https:\/\/www.autosportmoraleja.es\/blog\/quienes-somos\/#breadcrumb","itemListElement":[{"@type":"ListItem","position":1,"name":"Portada","item":"https:\/\/www.autosportmoraleja.es\/blog\/"},{"@type":"ListItem","position":2,"name":"INICIO"}]}]}},"_links":{"self":[{"href":"https:\/\/www.autosportmoraleja.es\/blog\/wp-json\/wp\/v2\/pages\/2"}],"collection":[{"href":"https:\/\/www.autosportmoraleja.es\/blog\/wp-json\/wp\/v2\/pages"}],"about":[{"href":"https:\/\/www.autosportmoraleja.es\/blog\/wp-json\/wp\/v2\/types\/page"}],"author":[{"embeddable":true,"href":"https:\/\/www.autosportmoraleja.es\/blog\/wp-json\/wp\/v2\/users\/1"}],"replies":[{"embeddable":true,"href":"https:\/\/www.autosportmoraleja.es\/blog\/wp-json\/wp\/v2\/comments?post=2"}],"version-history":[{"count":17,"href":"https:\/\/www.autosportmoraleja.es\/blog\/wp-json\/wp\/v2\/pages\/2\/revisions"}],"predecessor-version":[{"id":833,"href":"https:\/\/www.autosportmoraleja.es\/blog\/wp-json\/wp\/v2\/pages\/2\/revisions\/833"}],"wp:attachment":[{"href":"https:\/\/www.autosportmoraleja.es\/blog\/wp-json\/wp\/v2\/media?parent=2"}],"curies":[{"name":"wp","href":"https:\/\/api.w.org\/{rel}","templated":true}]}}